{"id":626,"date":"2022-08-04T02:21:14","date_gmt":"2022-08-04T02:21:14","guid":{"rendered":"https:\/\/redlineequipment.cl\/?post_type=product&#038;p=626"},"modified":"2023-10-20T15:08:32","modified_gmt":"2023-10-20T15:08:32","slug":"parlante-nakamichi-de-4","status":"publish","type":"product","link":"https:\/\/redlineequipment.cl\/index.php\/producto\/parlante-nakamichi-de-4\/","title":{"rendered":"ALTAVOCES PARLANTE NAKAMICHI DE 4&#8243;"},"content":{"rendered":"","protected":false},"excerpt":{"rendered":"<p>Altavoces de 2 v\u00edas coaxial de 4&#8243; 130w 20w rms , f\u00e1cil instalaci\u00f3n.<\/p>\n","protected":false},"featured_media":3291,"template":"","meta":[],"product_brand":[],"product_cat":[42],"product_tag":[],"class_list":{"0":"post-626","1":"product","2":"type-product","3":"status-publish","4":"has-post-thumbnail","6":"product_cat-altavoces","8":"first","9":"instock","10":"shipping-taxable","11":"purchasable","12":"product-type-simple"},"_links":{"self":[{"href":"https:\/\/redlineequipment.cl\/index.php\/wp-json\/wp\/v2\/product\/626","targetHints":{"allow":["GET"]}}],"collection":[{"href":"https:\/\/redlineequipment.cl\/index.php\/wp-json\/wp\/v2\/product"}],"about":[{"href":"https:\/\/redlineequipment.cl\/index.php\/wp-json\/wp\/v2\/types\/product"}],"wp:featuredmedia":[{"embeddable":true,"href":"https:\/\/redlineequipment.cl\/index.php\/wp-json\/wp\/v2\/media\/3291"}],"wp:attachment":[{"href":"https:\/\/redlineequipment.cl\/index.php\/wp-json\/wp\/v2\/media?parent=626"}],"wp:term":[{"taxonomy":"product_brand","embeddable":true,"href":"https:\/\/redlineequipment.cl\/index.php\/wp-json\/wp\/v2\/product_brand?post=626"},{"taxonomy":"product_cat","embeddable":true,"href":"https:\/\/redlineequipment.cl\/index.php\/wp-json\/wp\/v2\/product_cat?post=626"},{"taxonomy":"product_tag","embeddable":true,"href":"https:\/\/redlineequipment.cl\/index.php\/wp-json\/wp\/v2\/product_tag?post=626"}],"curies":[{"name":"wp","href":"https:\/\/api.w.org\/{rel}","templated":true}]}}