{"id":8636,"date":"2024-08-10T03:52:40","date_gmt":"2024-08-10T03:52:40","guid":{"rendered":"https:\/\/redlineequipment.cl\/?post_type=product&#038;p=8636"},"modified":"2024-08-10T03:59:48","modified_gmt":"2024-08-10T03:59:48","slug":"ultimate-wash-wax","status":"publish","type":"product","link":"https:\/\/redlineequipment.cl\/index.php\/producto\/ultimate-wash-wax\/","title":{"rendered":"ULTIMATE WASH &#038; WAX"},"content":{"rendered":"<p>Ultimate Wash &#038; Wax<\/p>\n<p>Ultimate Wash &#038; Wax es el incre\u00edble producto de Meguiar&#8217;s el cual te permite no solo lavar tu autom\u00f3vil, sino que tambi\u00e9n encerar y darle un brillo \u00fanico a tu pintura. Su incre\u00edble formula con pol\u00edmeros sint\u00e9ticos y Carnauba, crea una capa de cera extra al momento de lavar el autom\u00f3vil, realzando el brillo y entreg\u00e1ndole protecci\u00f3n. Ultimate Wash &#038; Wax es compatible con todos los acabados de pintura y ceras de Meguiar&#8217;s.<\/p>\n<p>Instrucciones de uso<br \/>\nVierta 5 tapas de producto en un balde de 20 litros de agua.<br \/>\nAplique agua a presi\u00f3n para generar espuma y obtener una mezcla perfecta del producto.<br \/>\nProcure utilizar nuestro Wash Mitt de Meguiar&#8217;s para aplicar el shampoo sobre la carrocer\u00eda y el Grit Guard en el fondo de su balde para disminuir los posibles defectos que se acumulan en el proceso de lavado.<br \/>\nAl secar su veh\u00edculo recuerde siempre realizar el proceso con nuestra toalla de secado Water Magnet.<\/p>\n<p>Beneficios<br \/>\n1 tapa rinde hasta 4 litros de agua.<br \/>\nEntrega protecci\u00f3n hidrof\u00f3bica mediante sus pol\u00edmeros sint\u00e9ticos y cera de carnauba.<br \/>\nIncre\u00edble formula de alta espuma que levanta la suciedad de manera segura.<br \/>\nMejora el brillo y la protecci\u00f3n en un solo paso.<\/p>\n<p>Nombre: Ultimate Wash &#038; Wax<br \/>\nFamilia: Shampoo Consumidor<br \/>\nFormato: 1.42 Lts<br \/>\nUnidades x Caja: 6 Unidades<\/p>\n","protected":false},"excerpt":{"rendered":"<p>Beneficios<br \/>\n1 tapa rinde hasta 4 litros de agua.<br \/>\nEntrega protecci\u00f3n hidrof\u00f3bica mediante sus pol\u00edmeros sint\u00e9ticos y cera de carnauba.<br \/>\nIncre\u00edble formula de alta espuma que levanta la suciedad de manera segura.<br \/>\nMejora el brillo y la protecci\u00f3n en un solo paso.<\/p>\n","protected":false},"featured_media":8642,"template":"","meta":[],"product_brand":[],"product_cat":[157],"product_tag":[],"class_list":{"0":"post-8636","1":"product","2":"type-product","3":"status-publish","4":"has-post-thumbnail","6":"product_cat-meguiars","8":"first","9":"instock","10":"shipping-taxable","11":"purchasable","12":"product-type-simple"},"_links":{"self":[{"href":"https:\/\/redlineequipment.cl\/index.php\/wp-json\/wp\/v2\/product\/8636","targetHints":{"allow":["GET"]}}],"collection":[{"href":"https:\/\/redlineequipment.cl\/index.php\/wp-json\/wp\/v2\/product"}],"about":[{"href":"https:\/\/redlineequipment.cl\/index.php\/wp-json\/wp\/v2\/types\/product"}],"wp:featuredmedia":[{"embeddable":true,"href":"https:\/\/redlineequipment.cl\/index.php\/wp-json\/wp\/v2\/media\/8642"}],"wp:attachment":[{"href":"https:\/\/redlineequipment.cl\/index.php\/wp-json\/wp\/v2\/media?parent=8636"}],"wp:term":[{"taxonomy":"product_brand","embeddable":true,"href":"https:\/\/redlineequipment.cl\/index.php\/wp-json\/wp\/v2\/product_brand?post=8636"},{"taxonomy":"product_cat","embeddable":true,"href":"https:\/\/redlineequipment.cl\/index.php\/wp-json\/wp\/v2\/product_cat?post=8636"},{"taxonomy":"product_tag","embeddable":true,"href":"https:\/\/redlineequipment.cl\/index.php\/wp-json\/wp\/v2\/product_tag?post=8636"}],"curies":[{"name":"wp","href":"https:\/\/api.w.org\/{rel}","templated":true}]}}