{"id":8646,"date":"2024-08-10T04:14:04","date_gmt":"2024-08-10T04:14:04","guid":{"rendered":"https:\/\/redlineequipment.cl\/?post_type=product&#038;p=8646"},"modified":"2024-08-10T04:14:35","modified_gmt":"2024-08-10T04:14:35","slug":"hot-shine-tire-coating","status":"publish","type":"product","link":"https:\/\/redlineequipment.cl\/index.php\/producto\/hot-shine-tire-coating\/","title":{"rendered":"HOT SHINE TIRE COATING"},"content":{"rendered":"<p>Hot Shine Tire Coating<\/p>\n<p>Hot Shine Tire Coating te entrega un brillo intenso y una terminaci\u00f3n profunda sin salpicaduras o goteos. Esta f\u00f3rmula avanza en aerosol, ayuda a proteger contra la decoloraci\u00f3n y el agrietamiento de los neum\u00e1ticos para asegurar que siempre se vean bien.<\/p>\n<p>Instrucciones de uso<br \/>\nProcure siempre limpiar la superficie antes de aplicar cualquier producto de terminaci\u00f3n como hidratadores o protectores.<br \/>\nRoc\u00ede el producto directamente en el neum\u00e1tico de forma homog\u00e9nea a una distancia aproximada de 15 cm.<br \/>\nRecuerde no aplicar demasiado producto para prevenir posibles salpicaduras en las partes inferiores del veh\u00edculo.<\/p>\n<p>Beneficios<br \/>\nLe da a tus neum\u00e1ticos una apariencia wet-look (mojada), aumentando el brillo y la profundidad del color.<br \/>\nEntrega un brillo de larga duraci\u00f3n, sin exceso de roc\u00edo.<br \/>\nContiene pol\u00edmeros resistentes al agua que mantienen los neum\u00e1ticos brillantes por m\u00e1s tiempo.<\/p>\n<p>Nombre: Hot Shine Tire Coating<br \/>\nFamilia: Renovadores<br \/>\nFormato: 425 g<br \/>\nUnidades x Caja: 6 Unidades<\/p>\n","protected":false},"excerpt":{"rendered":"<p>Beneficios<br \/>\nLe da a tus neum\u00e1ticos una apariencia wet-look (mojada), aumentando el brillo y la profundidad del color.<br \/>\nEntrega un brillo de larga duraci\u00f3n, sin exceso de roc\u00edo.<br \/>\nContiene pol\u00edmeros resistentes al agua que mantienen los neum\u00e1ticos brillantes por m\u00e1s tiempo.<\/p>\n","protected":false},"featured_media":8647,"template":"","meta":[],"product_brand":[],"product_cat":[157],"product_tag":[],"class_list":{"0":"post-8646","1":"product","2":"type-product","3":"status-publish","4":"has-post-thumbnail","6":"product_cat-meguiars","8":"first","9":"instock","10":"shipping-taxable","11":"purchasable","12":"product-type-simple"},"_links":{"self":[{"href":"https:\/\/redlineequipment.cl\/index.php\/wp-json\/wp\/v2\/product\/8646","targetHints":{"allow":["GET"]}}],"collection":[{"href":"https:\/\/redlineequipment.cl\/index.php\/wp-json\/wp\/v2\/product"}],"about":[{"href":"https:\/\/redlineequipment.cl\/index.php\/wp-json\/wp\/v2\/types\/product"}],"wp:featuredmedia":[{"embeddable":true,"href":"https:\/\/redlineequipment.cl\/index.php\/wp-json\/wp\/v2\/media\/8647"}],"wp:attachment":[{"href":"https:\/\/redlineequipment.cl\/index.php\/wp-json\/wp\/v2\/media?parent=8646"}],"wp:term":[{"taxonomy":"product_brand","embeddable":true,"href":"https:\/\/redlineequipment.cl\/index.php\/wp-json\/wp\/v2\/product_brand?post=8646"},{"taxonomy":"product_cat","embeddable":true,"href":"https:\/\/redlineequipment.cl\/index.php\/wp-json\/wp\/v2\/product_cat?post=8646"},{"taxonomy":"product_tag","embeddable":true,"href":"https:\/\/redlineequipment.cl\/index.php\/wp-json\/wp\/v2\/product_tag?post=8646"}],"curies":[{"name":"wp","href":"https:\/\/api.w.org\/{rel}","templated":true}]}}